 + 0/(-2) + 4. Let c = 47 + l. List the prime factors of c.
2, 3
Let m = 412 + -412. Suppose 49*l - 80730 + 28349 = m. What are the prime factors of l?
1069
Suppose 4*q - 784 = 2*w - 2778, 3*q + 1494 = 2*w. Let k = q - -1035. List the prime factors of k.
5, 107
Suppose -5*p + 19*l + 119249 = 21*l, -4*p + 95398 = 2*l. List the prime factors of p.
17, 23, 61
Let l(w) = 27*w + 4. Let a be l(4). Suppose 0*o + 4*o + 4*d - a = 0, -o + 18 = 3*d. Let p = 108 - o. List the prime factors of p.
3, 5
Let i = 276 + -267. List the prime factors of ((-657)/6)/(i/(-18)).
3, 73
What are the prime factors of 4303 - ((-2 - 1) + -9)?
5, 863
Let l be 4/(-2) + 0 + 11. Suppose w = -2*w + l. Suppose -w*v + 38 = 20. What are the prime factors of v?
2, 3
Suppose 3*s - 8*s + t + 104661 = 0, 0 = 7*t + 42. List the prime factors of s.
3, 6977
Suppose -4*o + 3*w = 6*w + 62, 91 = -5*o + 3*w. Let f = o - -26. Suppose f*u = 10*u - 3. List the prime factors of u.
3
Let q be (15/(1 - 2))/(6/294). Let s = -313 - q. List the prime factors of s.
2, 211
Let x(k) = k**2 - 32*k - 46. Let i be x(33). Let b(v) = -29*v - 38. What are the prime factors of b(i)?
3, 113
Let i(c) = 2*c - 1. Let v(u) = -24*u + 56. Let p(l) = 5*i(l) + v(l). List the prime factors of p(-7).
149
Let q = -17299 - -40748. List the prime factors of q.
131, 179
Let j(c) = -c**3 + 3*c**2 + 3*c - 11. Suppose -2*t = -4*y + t + 23, -y + 4*t = -9. Let f be j(y). List the prime factors of (f/8)/(0 - 1/16).
2, 23
Let p(f) = f**2 - 7*f + 38. Let o be p(6). Suppose 0 = o*i - 30*i - 856. List the prime factors of i.
2, 107
Let z(u) = -u**3 - 25*u**2 + 8*u - 119. Let j(k) = -2*k**3 - 49*k**2 + 17*k - 237. Let s(a) = -6*j(a) + 11*z(a). What are the prime factors of s(-17)?
929
Let v(s) = -s**3 + 6*s**2 + 8*s - 19. Let o(m) = 2*m**3 + 8*m**2 + 6*m + 7. Let l be o(-3). Let z be v(l). What are the prime factors of 2*(2/z)/(2/(-114))?
19
Suppose -22251 = 5*u + 3*i + 13063, -4 = -2*i. Let y be (-4)/(-6) - u/24. What are the prime factors of y - 5/((-5)/2)?
3, 11
Suppose -7*k - 14 = -70. Suppose 2364 = k*z - 2412. Suppose -d + 3*p - z = -6*d, 5 = -5*p. List the prime factors of d.
2, 3, 5
Let i(n) = -441*n + 459. What are the prime factors of i(-52)?
3, 23, 113
Let y = -108 + 146. Let p be y*((-51)/68)/(6/(-20)). Suppose -92*m - 294 = -p*m. List the prime factors of m.
2, 7
Let y be (245/(-15))/((-1)/3). Let i be -7*(-2)/(-4)*10. Let r = y + i. What are the prime factors of r?
2, 7
Suppose -4*k + 5*m = -100282, 0 = -2*k + 4*m - 8*m + 50128. List the prime factors of k.
2, 3, 2089
Let a(i) = 2*i + 0*i + 2*i + i + 344 - 340. Let n(w) = 3*w**2 + 3*w + 2. Let p be n(-2). List the prime factors of a(p).
2, 11
Suppose 0 = j - 5*v - 26152, 4*v + 28964 = j + 2811. What are the prime factors of j?
3, 8719
Let f be 1*18/(-63) + 472078/(-7). What are the prime factors of 3/(-4) - f/64?
3, 13
Let f(j) = 4*j + 12. Let b be f(-2). Suppose -2*m = b*m. Suppose -r = w - 247, m*w + 1185 = 5*r - 5*w. What are the prime factors of r?
2, 11
Suppose 17*u - 81927 = 2389 - 1866. What are the prime factors of u?
2, 5, 97
Suppose -185*w + 170*w + 23835 = 0. List the prime factors of w.
7, 227
Let f be (-19*8/(-152))/((-1)/(-4)). Suppose 0*p - 234 = -3*p. Suppose 1 - 22 = -l - a, -f*l = a - p. What are the prime factors of l?
19
Let q = 642 - 32. Suppose -q - 159 = -5*x + 4*m, 464 = 3*x - 5*m. What are the prime factors of x?
3, 17
Let i(l) = 33*l**2 - 308*l + 19. List the prime factors of i(21).
2, 1013
Let h(t) = -t**3 + 11*t**2 + 4. Let k(m) = m + 7. Let i be k(4). Let u be h(i). Let j = 12 - u. List the prime factors of j.
2
Suppose 2*m + y - 38128 = 0, -m + 881 + 18204 = -3*y. List the prime factors of m.
23, 829
Let z = 52 + -26. Let a = 372 + z. What are the prime factors of a?
2, 199
Let f(h) = 32*h**2 - 4*h - 9. Let j be f(-6). Suppose -1 = x, 0*g - 3*x = -4*g + j. Suppose -6*z = 27 - g. List the prime factors of z.
2, 11
Let u = -53 + 70. Suppose 564 = u*k - 11*k. Suppose -3*y - 2*w + 86 = -196, -y + k = -2*w. What are the prime factors of y?
2, 47
Let w = 38 + -38. Suppose -2*z + w*z = z. Suppose 2*q - 5*a - 186 = z, 0 + 2 = -a. What are the prime factors of q?
2, 11
Suppose -2*h + 1995 = -m, -3*m - 8*h - 5941 = -3*h. What are the prime factors of m/(-17) + (-60)/(-510)?
3, 13
Let f = 2070 - 4110. What are the prime factors of (f/35)/(5/(-35))?
2, 3, 17
Let u = 5160 - 3458. List the prime factors of u.
2, 23, 37
Let g(u) = -536*u + 24 + 32 + 31 - 109 + 28. What are the prime factors of g(-2)?
2, 7, 11
Suppose 5*g + 4*y = 166337, -4*g - 4*y + 129374 + 3690 = 0. What are the prime factors of g?
3, 3697
Let b be -3 + 5 + (-4 - (-3 - 1)). Suppose 3*y + 1034 = 2*k + 2*k, 4*y = -b*k + 528. What are the prime factors of k?
2, 5, 13
Let z = -83 + 102. Suppose 4*f - 2*a = -20, -5*f + a = -0*a + z. List the prime factors of 1434/8 + f/12.
179
Let g(f) = 20*f**2 - 352*f - 98. What are the prime factors of g(29)?
2, 3257
Let c(o) = 34*o**2 - 5*o - 92. Let i(n) = 41*n**2 - 6*n - 93. Let g(q) = -6*c(q) + 5*i(q). List the prime factors of g(-36).
3, 461
Let r(v) = -v - 9. Let q be r(-12). Suppose -5*u + 245 = -3*n, 3*n - 28 + 241 = -q*u. Let p = n - -154. List the prime factors of p.
79
Suppose 14*i - 26 = i. Suppose 4*m = -5*l + i*m + 338, 3 = -3*m. Suppose -2*y = -l - 86. List the prime factors of y.
7, 11
Let b be 1412/12*(4 - 5/5). Let s = -64 + b. What are the prime factors of s?
17
Suppose -36*u = -521631 + 124767. List the prime factors of u.
2, 13, 53
Let s(u) = 25*u**3 - 7*u**2 - 6*u + 16. Let j be s(9). Suppose 111*h = 131*h - j. What are the prime factors of h?
881
Suppose 0 = -5*c - 5*p + 49050, -4*c - 10341 = -3*p - 49616. List the prime factors of c.
5, 13, 151
Let n = 1034 - 554. Suppose -23*r = -17*r + n. Let a = -26 - r. What are the prime factors of a?
2, 3
Let m(s) = 3*s**3 - 38*s**2 + 25*s + 51. List the prime factors of m(26).
3, 7, 1321
Let y be (-9)/(-6)*6/3. Suppose y*z - 12 = -3. Suppose z*r + 5*k = 136, -5*r + 3*k = -0*r - 272. What are the prime factors of r?
2, 13
Suppose 0 = 2*s - 4*n - 10, 0 = -s + 18*n - 17*n + 2. List the prime factors of (10 + -1255)*s/3.
5, 83
Let i(j) = 5*j**2 + 0*j**2 - 13*j + 0*j**2 - 3 + 2*j**2. Let k be i(5). Let m = k - 22. List the prime factors of m.
5, 17
Let h(p) = -p**2 - 7*p - 1. Let o be h(-6). Let z be ((-44)/o)/(2/(-15)). Suppose 5*x - z = 294. What are the prime factors of x?
2, 3
Suppose 5*l - 3*l - 4*p - 82 = 0, 3*p + 164 = 4*l. Suppose 2*x = -5*t - 30 + 143, 5*t = -4*x + 111. Let i = t + l. What are the prime factors of i?
2
Let w be (-2 + 3 - -4)*(3 + -2). Suppose -2*u - 12 = -5*b + 9*b, w*b = 3*u - 26. Suppose 524 = m + 3*m - u*c, -5*c + 274 = 2*m. List the prime factors of m.
2, 3, 11
Let v = -9 + 12. Suppose 2*l + 2060 = 3*q + 2*q, 5*l = -v*q + 1236. List the prime factors of q.
2, 103
Let z = -3 - -7. Let h be 444/(-20)*(-20)/z. Suppose -2*m + 13 + h = 0. List the prime factors of m.
2, 31
Suppose 0 = 9*t - 11*t + 6. Suppose y = 1, -2*y = -t*b + 3*y + 73. What are the prime factors of b?
2, 13
Suppose -16556 - 40065 = -2*z + 3*u, 5*z - 5*u - 141545 = 0. What are the prime factors of z?
2, 14153
Let i(v) = -2*v**3 + 71*v**2 - 8*v + 72. What are the prime factors of i(16)?
2, 17, 73
Suppose 14*i + 6*i - 4*i = 133504. What are the prime factors of i?
2, 7, 149
Let v(h) = -9*h + 2. Let q be v(1). Let a be (-7)/q + (1 - -2). Suppose -3*d = -a*o - 107, 2*o - o + 2 = 0. What are the prime factors of d?
3, 11
Let y = 95485 - 35082. List the prime factors of y.
7, 8629
Suppose -4*u + 5*x = u - 59935, -2*u = -x - 23973. List the prime factors of u.
2, 13, 461
Suppose -372 = -4*l + 600. Suppose 0 = -t - l - 126. Let f = 654 + t. What are the prime factors of f?
3, 5, 19
Suppose 0 = -2*o - 6 + 12. Suppose -g + 847 = 3*y, -o*y = 5*g + 127 - 990. List the prime factors of y.
281
Let m(j) = -j**3 - j**2 - 2*j - 1. Let b be m(-1). Let n be ((-3)/b)/(5/(140/(-6))). What are the prime factors of (-18 + n)/((-2)/31)?
2, 31
Let o(b) be the third derivative of -b**5/60 + 13*b**4/8 - 61*b**3/6 + 41*b**2. What are the prime factors of o(37)?
13
Let b(z) = z**2 - z - 39. Let h be b(6). What are the prime factors of ((-6)/h)/(4/7698)?
1283
Let i(n) = 2*n**2 - 46*n + 67. Let z be i(-27). Let k = 3961 - z. List